What are the prime factors of r?
3, 5
What are the prime factors of 396/(-14)*21/(-12)*4?
2, 3, 11
Let a(x) = x**3 - 9*x**2 + 6*x + 11. Let w be a(8). Let p = -1 - w. What are the prime factors of p?
2
Suppose -10*l + 14 = -8*l. List the prime factors of l.
7
Let q be (-44)/(-10) + (-8)/20. Let s(t) = 13*t - 2. Let m be s(q). Suppose 5*n - m + 15 = 0. What are the prime factors of n?
7
Let p = 336 + 27. What are the prime factors of p?
3, 11
Let t be -1*1/(-3)*-3. Let q(r) = -14*r - 1. List the prime factors of q(t).
13
Let o(v) = v**2 - 3*v. Let t be o(-3). Suppose -4*k = -d - 0*k + t, 18 = 3*d - 3*k. Let a(s) = 2*s**3 - s**2 - 2*s - 1. List the prime factors of a(d).
7
List the prime factors of 87/12*(-2 - -9*2).
2, 29
Let i = 89 - 39. Let l = 78 - i. List the prime factors of l.
2, 7
Let c(u) = -2*u + 63. What are the prime factors of c(-21)?
3, 5, 7
Suppose 4*f - 58 = -14. Let j = f + 0. List the prime factors of j.
11
Let s = -89 - -317. What are the prime factors of s?
2, 3, 19
Let k = 55 - 29. List the prime factors of k.
2, 13
Let p = 1 - -2. Suppose p*g = -g + 92. What are the prime factors of g?
23
Let l(k) = k**3 + 8*k**2 + 6*k + 2. List the prime factors of l(-6).
2, 19
Let q(p) = -p**3 + 11*p**2 + 14*p - 18. Let y be q(12). Let h be (y/(-4))/(7/(-56)). Suppose -t + 25 = -3*l, 0 = -5*l + l - h. What are the prime factors of t?
2
Let i be 20/2*2/5. Suppose -7*b = -89 + 26. What are the prime factors of (b/(-12))/((-1)/i)?
3
List the prime factors of (-592)/32*1*-2.
37
Let z be 2/(-7) - (-30)/7. Suppose p - z*p = -6. What are the prime factors of 3*(-3 - -4) + p?
5
Suppose 2*l - 4 = -l - 4*p, 10 = 5*l + 5*p. Suppose -49 = -l*t + 55. What are the prime factors of t?
2, 13
Suppose 5*g = -2*c + 512, -5*g - 70 = c - 321. List the prime factors of c.
3, 29
Let z be 3*(-12)/(-9)*1. Let r(d) = 2*d**2 - 2*d - 1. List the prime factors of r(z).
23
Let o = 57 - 94. Let q = o + 65. List the prime factors of q.
2, 7
Let t = 8 - 5. Let h(l) = 6*l. List the prime factors of h(t).
2, 3
Let x(q) = -q**3 - 14*q**2 - q + 8. Let y be x(-14). Suppose 2*b - y = -0*b. What are the prime factors of b?
11
What are the prime factors of 1/(3/(-156))*(-45)/6?
2, 3, 5, 13
Let i(t) = -t. Let a(c) = -c**2. Let l(r) = a(r) + 6*i(r). Let x be l(-6). Suppose x = -4*m + 13 - 1. What are the prime factors of m?
3
Let g = 77 - -18. List the prime factors of g.
5, 19
Let j = 8 - -10. Let z = j - -1. What are the prime factors of z?
19
Let a = 9 + -34. Let d = -47 + 83. Let b = d + a. What are the prime factors of b?
11
Suppose -m + 3*g = -47, m = -2*g + 86 - 19. List the prime factors of m.
59
Suppose 7*l - 32 = 5*l. List the prime factors of l.
2
Let a(m) be the first derivative of 3*m**2 + 1. Suppose -6*f = -f - 5. List the prime factors of a(f).
2, 3
Let m(l) = l**2 - 13*l - 4. Let a be m(14). Suppose 0*h - h = 4. Let x = h + a. List the prime factors of x.
2, 3
Suppose -3*t + 8 = t. What are the prime factors of 1*14 - (t - 0)?
2, 3
Let m = -35 - -61. Suppose 24 = -2*g - m. Let s = g - -37. What are the prime factors of s?
2, 3
Let o = -58 + 37. Let l(d) = -3*d**3 + 3*d**2 - 2. Let x be l(-2). Let f = x + o. What are the prime factors of f?
13
Let g be 4/(-18)*3*18. What are the prime factors of (-8)/g*1*33?
2, 11
Suppose -3*p = -2*j + 1, 3*j + j + 2 = 2*p. What are the prime factors of (-7)/(-7) - 9/p?
2, 5
Let w = 39 + -13. Let g = -17 + w. List the prime factors of g.
3
Suppose 0 = -0*t + 4*t - 36. Suppose -31 = -5*x + t. What are the prime factors of x?
2
Let w(n) = -n + 20. Let k(t) = -3*t + 41. Let x(d) = -2*k(d) + 5*w(d). List the prime factors of x(0).
2, 3
Let t(i) = i**3 - 9*i**2 - 10*i + 6. Let f be t(10). Let j(v) = -v**3 + 7*v**2 - 9*v + 5. Let r be j(f). Let o = 35 + r. What are the prime factors of o?
2, 11
Let l(y) = y**2 - 6*y - 3. Let r be l(8). Suppose 4*j + s = 145, r = -2*j - 5*s + 72. What are the prime factors of j?
37
Suppose -t = -6*t + 50. What are the prime factors of 78/30 + (-6)/t?
2
Let j(m) = 6 + 11*m + 0*m**2 - 2*m + 0 + m**2. Suppose 3*r + r = -40. List the prime factors of j(r).
2
Suppose 0 = -3*d - 3*l + 233 + 4, l = 3*d - 233. List the prime factors of d.
2, 3, 13
Suppose r + 4*o = -3*r - 4, -4*r = 3*o. Let q = 4 + r. List the prime factors of q.
7
Let f(q) = q**2 - 2*q + 2. Let c be f(5). List the prime factors of 0 + (-1 + c)/2.
2
Let l(m) be the second derivative of 19*m**5/60 - m**4/12 - m**3/6 - 3*m**2/2 - 2*m. Let x(r) be the first derivative of l(r). List the prime factors of x(-1).
2, 5
Let w(g) = -g + 6. Suppose 6*d = 3*d. List the prime factors of w(d).
2, 3
Suppose 3*p - 448 = -5*p. What are the prime factors of p?
2, 7
Let t = 1 + 1. Suppose y + 3*y + t*s = 18, 3*s + 3 = 0. What are the prime factors of y?
5
Suppose 2*a = 4*a - 6. Let n be 1 + (10 - -2) + -2. Suppose a*s = n + 34. List the prime factors of s.
3, 5
Suppose -2*w + 0*w = -76. Let u = -27 + w. Let o = -5 + u. What are the prime factors of o?
2, 3
Suppose -2*i + 41 = -29. What are the prime factors of i - ((-6)/2 - -6)?
2
What are the prime factors of 8/((-5)/35*-1)?
2, 7
Let n = -13 - -68. List the prime factors of n.
5, 11
Let z(y) = -y**3 - 10*y**2 + 11*y. Let o be z(-11). Suppose o*j - 20 = -j. What are the prime factors of j?
2, 5
Let h be (-2 - -1)*-1*4. Suppose -q - o + h = 0, 2*q - 4*o + 24 = 62. What are the prime factors of q?
3
Let m(n) = -25*n. What are the prime factors of m(-1)?
5
Let b = -1 + 4. Suppose b*p + 60 = -p. Let t = p - -23. What are the prime factors of t?
2
Let z(u) = -7*u**2 - 11*u - 6. Let y(k) = 20*k**2 + 33*k + 17. Let x(b) = -6*y(b) - 17*z(b). List the prime factors of x(-9).
2, 3
List the prime factors of (-4260)/(-20) - (1 + 2 + 0).
2, 3, 5, 7
Suppose 4*g = -4*b + 40, -3*g + 2*b + 15 = -0*b. What are the prime factors of (1*-1)/(g/(-133))?
19
Let w be -2 + 4 + (-66)/(-2). Let m = 50 - w. Suppose -v + m = 2*v. List the prime factors of v.
5
Let w(u) = -25*u + 6. What are the prime factors of w(-11)?
281
Let s = -185 - -335. What are the prime factors of s?
2, 3, 5
Let f(t) = t**3 + 3*t**2 - 3. Let p be f(-3). Let c = p - 3. Let d(w) = -w**2 - 9*w - 6. List the prime factors of d(c).
2, 3
Suppose 0 = -3*y + 2*z - 29, 5*y + z = 5*z - 47. Let h = y - -15. List the prime factors of h.
2
Let s(t) = -10*t + 18. List the prime factors of s(-13).
2, 37
Suppose k + 0*k + 4*v = -14, 0 = 4*k - 5*v - 49. Suppose -2*s = -2*g - s + 1, -2*g + 2*s = -k. What are the prime factors of g/(-8) + (-59)/(-4)?
3, 5
Suppose 0 = 2*n - 4*n - 4*h + 48, -5*h = 4*n - 93. List the prime factors of 2 + -2*n/(-4).
13
Suppose -4 - 17 = -p. Suppose -4*m = -n + p, 19 = 5*n - 4*m - 22. Suppose 15 = n*s - 30. What are the prime factors of s?
3
Suppose l - 5*r = -3*l - 148, 3*r + 116 = -4*l. List the prime factors of (-2 - -3) + -2 - l.
31
Suppose 3*j - 4 = 2*l + 4, 0 = j - 4. Suppose l*n = 5*p + 10, 3*n - 20 = -n + 2*p. List the prime factors of n.
5
Suppose -3*q + 2*p + 30 = 0, 2*q - 4*q - 3*p = -7. Suppose -s - q = -2*s. List the prime factors of 2/6 - s/(-3).
3
Suppose -2*a = -g - 18, -a + 22 = 2*a - 4*g. Suppose j + 4*j = a. List the prime factors of j.
2
Let o = 0 - 11. Let x = o + 27. List the prime factors of x.
2
Let i be ((-5)/3)/((-2)/6). Suppose -128 = g - i*g. List the prime factors of g.
2
Let d(q) be the first derivative of q**6/120 + q**5/10 - q**4/8 + q**3/6 + q**2 - 2. Let w(g) be the second derivative of d(g). List the prime factors of w(-6).
19
Let k = -2 - -4. Suppose 0 = -3*h - k*h - 3*t + 75, 0 = 2*t. Suppose -5*x - 4*z - z = h, 0 = -5*z - 25. What are the prime factors of x?
2
Let q(l) = 2 - 4*l**2 - l**3 + l**2 + 0 - 7 + l. List the prime factors of q(-4).
7
Let i = 16 - -2. Suppose 14*w - i*w = -52. What are the prime factors of w?
13
What are the prime factors of 4/(-24) - 39/(-18)?
2
Suppose 0 = -11*k + 6*k + 235. What are the prime factors of k?
47
Suppose 161 = -5*s - 4*c, -2*c - 2*c - 29 = s. Suppose 5*h + 95 = 3*m, -m - 29 - 42 = 3*h. List the prime factors of (-4)/h - 588/s.
2, 3
Let z = -72 - -106. List the prime factors of z.
2, 17
Let x be 21 + -1 - (7 - 4). Let u = 29 + x. What are the prime factors of u?
2, 23
Suppose 0*w - 8*w = -672. List the prime factors of w.
2, 3, 7
Let v(o) = 2 + 4 - 4 - 7 + 2*o. Let g be v(5). S